 - 7 - 6 = i*k. What is the highest common factor of u and n?
6
Suppose -74*m + 73*m = -2. Suppose 0 = -m*w + 10, -4*z - w + 92 = -21. Let l be 403/3 + (-6)/(-9). What is the highest common divisor of l and z?
27
Let t be 14/3*84/98. Suppose -3*b + 6 = -t*b. Let h be 28 + 8*3/b. What is the greatest common factor of 60 and h?
12
Let j be (-1)/(-2) + 8 + 1910/20. Let l = 146 - j. Calculate the highest common divisor of 84 and l.
42
Let s(m) = 129*m**3 + 6*m**2 - 3*m - 5. Let b be s(1). What is the highest common divisor of b and 3683?
127
Suppose 9*z - 16*z + 4480 = 49*z. What is the greatest common divisor of z and 3340?
20
Let n(b) = 2*b**2 - 203*b - 1808. Let y be n(-9). Calculate the highest common factor of 45431 and y.
181
Let v(s) = 3*s + 38. Let f be v(-6). Suppose -540 = 6*n - 9*n. What is the highest common factor of f and n?
20
Let t be (-165)/155 - -1 - (1 + 4100/(-124)). Calculate the greatest common divisor of t and 22.
2
Let q = 137 + -129. Let d be 18 + 1/(4/q). Calculate the greatest common factor of 80 and d.
20
Let o be (187 - 3)/(28/70). Suppose f - o = -22*f. Let d(a) = -5*a. Let l be d(-6). What is the greatest common divisor of f and l?
10
Let f(m) be the first derivative of 9*m**2/2 + 12*m - 6. Let y be -4 + 4 + (-3)/(12/(-28)). Let q be f(y). What is the highest common divisor of 30 and q?
15
Let l be 66/55 + (-5888)/(-10). Calculate the highest common factor of l and 30.
10
Let c be (225/(-15) - -18)*(-1900)/(-12). Calculate the greatest common divisor of c and 2525.
25
Let v(r) = -64*r + 1. Let x be v(-1). Suppose -2*h + 268 = 10*n - 8*n, 5*n = -12*h + 789. Calculate the highest common factor of x and n.
13
Let y = -58499 + 106794. What is the greatest common divisor of y and 65?
65
Let m be (3422/87 - 25)/(1/93). What is the greatest common factor of 473 and m?
43
Let s = -4 - -27. Suppose 4*o = v - 105, -5060*o = 5*v - 5055*o - 300. Calculate the highest common divisor of v and s.
23
Let b(o) = 2*o**3 - 25*o**2 - 14*o + 13. Let u be b(13). Suppose u*i + 2720 = 16*i. What is the highest common factor of 10 and i?
10
Let p(m) = m**2 + 8*m + 4. Let r be p(-5). Let v = r - -27. Suppose 7*x - 6*x + 4*h = 16, -4*h = -5*x + 80. What is the highest common divisor of v and x?
16
Let x(l) = l**2 - 10*l + 46. Let q be x(5). Calculate the highest common divisor of 14 and q.
7
Let u = -20064 - -20071. Calculate the highest common factor of 413 and u.
7
Let d(t) = t**3 - 4*t**2 + 3*t - 10. Let v be d(4). Suppose -189 = c + v*c. Let u = -56 - c. What is the greatest common divisor of 21 and u?
7
Let u(b) = b**3 - 7*b**2 - 7*b - 6. Let c be u(8). Suppose -32*r + c = -30*r. Calculate the greatest common factor of r and 19.
1
Suppose 6*i + 684 = 3*i. Let q = 348 + i. Let s be 3/1 - 12/(-1). Calculate the greatest common factor of q and s.
15
Let a(w) = -345*w**2 - 6*w - 5. Let c be a(-1). Let m = 359 + c. Calculate the greatest common factor of 240 and m.
15
Let u(r) = -330*r**2 + 3*r + 4. Let h be u(-1). Let q = -320 - h. Let i be -99*-1*1*1. What is the greatest common factor of i and q?
9
Let n be 659*(-3)/(-6) + 2/4. Let l be ((-9)/18)/((-2)/60). Calculate the highest common divisor of l and n.
15
Let v(a) = -7*a**2 + a**2 + 9*a - 2*a**2 - 15 + 10*a**2. Let p be v(-6). What is the highest common divisor of 24 and p?
3
Let t = -28874 + 29009. What is the greatest common factor of 25 and t?
5
Let m(z) = z**3 + 15*z**2 - 7*z + 9. Let x be m(0). Calculate the greatest common factor of 177 and x.
3
Let c = 6311 - 6045. Suppose -2*v = 4 - 32. What is the highest common divisor of v and c?
14
Let s = 13 + -1. Suppose 0 = 3*b + s, -2*h - b + 2*b = 70. Let t = h - -42. What is the greatest common factor of t and 40?
5
Let b = -1819 - -1969. Calculate the greatest common divisor of b and 550.
50
Suppose -h + 46 = z, -28*z = -23*z - 35. Calculate the highest common factor of h and 5343.
39
Suppose -5978 = -7*b - 896. Suppose 11*t + 0*t = b. What is the highest common factor of t and 99?
33
Suppose -55 = 5*c - 495. Let h = 5506 + -5429. Calculate the greatest common factor of h and c.
11
Let g = -638 - -1288. Let n = g - 646. Calculate the greatest common factor of n and 20.
4
Let x be (-5)/((-105)/9) + 2995/35. Let c be ((-28)/98)/(12/14 - 1). Calculate the greatest common factor of c and x.
2
Let b = 24 + -98. Let s be 2/(-14) - -4065*(-12)/(-420). Let z = b + s. Calculate the greatest common divisor of 28 and z.
14
Suppose 5*j + 263 = 3*x, 4*x = 5*j + 280 + 69. Let r be 2 + 5/5 - (-2387)/7. Suppose -455*s + 447*s + r = 0. Calculate the greatest common divisor of x and s.
43
Let y be (-3)/2*(-20)/3. Suppose 400*o + 17781 = 620*o + 2381. What is the highest common divisor of y and o?
10
Suppose -2*n + 6 = 0, -h - 2*n = 2*h - 204. Let s be 1338/30 + (-6)/10. Let v = h + s. What is the highest common factor of 10 and v?
10
Suppose -18380 = -3*o - 62*m + 61*m, 3*m = -21. Calculate the greatest common divisor of 27 and o.
27
Suppose 40*v - 38*v = 2*b + 230, 0 = -4*v - b + 470. What is the greatest common factor of v and 741?
39
Let w = 1239 + -1195. Let g(f) = 61*f**2 - 4*f + 6. Let m be g(2). What is the highest common divisor of w and m?
22
Let f = 46060 - 45760. What is the highest common divisor of 7680 and f?
60
Let v = -3 + -14. Let j = v + -21. Let p = 50 + j. What is the greatest common divisor of 18 and p?
6
Let q(l) = 10*l - 23. Let c be q(7). Let s = c - 17. Calculate the highest common factor of 10 and s.
10
Suppose -4564 = 13*v - 14158. Suppose -7*p + 4 = -11*p, 2*p = -2*d + v. Calculate the greatest common factor of 37 and d.
37
Let k = 16502 - 14144. Calculate the greatest common divisor of k and 54.
18
Suppose -169*j = -4877 - 1207. Calculate the highest common factor of 6714 and j.
18
Suppose -811 = -o + 5*x, 128*o = 127*o + 3*x + 799. What is the highest common divisor of o and 33?
11
Let m be -5 + (-51)/(-9) + (-20)/(-6). Suppose -248 = u + 3*u - 4*w, 0 = -u + 3*w - 52. Let x = -51 - u. Calculate the highest common divisor of x and m.
4
Let w be 9360/26*3*8/18. Let a = w + -336. What is the greatest common divisor of a and 48?
48
Let t = 42 - 26. Suppose -110 = 6*w - t*w. Suppose 0 = -k - 3*k + 176. Calculate the highest common factor of w and k.
11
Suppose -368 = -4*c - 4*b, -5*c + 7*b + 456 = 10*b. Calculate the highest common factor of 342 and c.
18
Let v be 1 + 2 + (-5)/(30/6). Let i = -26 + 30. Suppose a = -v*q + 14, -i*q - 5*a - 1 + 23 = 0. What is the highest common divisor of q and 20?
4
Let z(s) = s**2 - 4*s - 5. Let f be z(-3). Suppose 0 = 3*d + 2*n - 2536, -5*d + 4224 = -17*n + 21*n. What is the greatest common divisor of d and f?
16
Let x(u) = 2*u**2 + 4*u + 5. Let s be x(0). Let g be (-50)/s*((-39)/3 - -2). What is the highest common factor of g and 88?
22
Let o = 80596 + -56989. What is the greatest common divisor of 258 and o?
129
Let p(n) = -36*n. Let l be p(-7). Let z(c) = -5*c**3 - 5*c**2 - c - 1. Let q be z(-2). Calculate the greatest common divisor of l and q.
21
Suppose 0 = -3*g - 157 + 49. Let i be -15*16/g*24. Let j be (6 - (-72)/(-20))/(6/i). Calculate the highest common divisor of 16 and j.
16
Suppose -5*p + 25 = 0, -3*p + 8 = 3*i - 19. Let w = -441 - -444. Suppose -4*c - 3*a = -7, w*a + 28 = 4*c - a. Calculate the greatest common divisor of i and c.
4
Suppose -3311*j + 3*s - 2550 = -3315*j, 0 = s - 10. Suppose 0*v + 93 = 2*m + 3*v, -3*v - 159 = -4*m. Calculate the greatest common divisor of j and m.
42
Suppose -3*z + 71 = 4*j, 2*z + 2*j = 5*j + 36. Let x be (-262)/(-16) + z/(-56). Calculate the greatest common divisor of 4 and x.
4
Suppose -2321*a + 2310*a - 1178 + 7998 = 0. Calculate the greatest common factor of 20 and a.
20
Let t be ((-185)/10)/(4/8). Suppose 17 + 103 = 3*v. Let x = t + v. Calculate the highest common factor of 24 and x.
3
Let m(s) = -s**2 + 11*s - 25. Let j be m(6). Let v be (2 - 0)/((-4)/(-160)). Calculate the greatest common factor of v and j.
5
Suppose -2*r + 5*r + 2244 = -3*k, 5*r = 25. Let o = k + 758. What is the highest common factor of o and 535?
5
Let c be (39 - 798/98) + (-12)/14. What is the highest common divisor of c and 4460?
10
Suppose 2*v + 5 = -f, 4*f + 0*v - 32 = 5*v. Suppose 5*r = f*r + 34. Suppose 48 = -9*k + r*k. Calculate the highest common factor of 66